*m - 31532 = -9*m - p, 5*m - 52555 = -2*p. List the prime factors of m.
3, 31, 113
Suppose -10*t = 531 + 9. Let s = 508 - 247. Let q = s + t. What are the prime factors of q?
3, 23
Let k = 2662 - 1630. Suppose 1031*y = k*y - 747. What are the prime factors of y?
3, 83
Let y(n) = 11*n - 62. Let t(h) = -h**2 - 17*h + 62. Let c be t(-19). Suppose -10 = z - c. What are the prime factors of y(z)?
2, 23
Let t(u) = 1953*u**2 - 84*u + 330. What are the prime factors of t(5)?
3, 5, 19
Let m(z) be the third derivative of -25*z**4/8 + 53*z**3/2 - 68*z**2. List the prime factors of m(-15).
2, 3, 107
Let g(w) = 37*w - 22 + 57 + 0*w**2 + 64 + 24 + 3*w**2. List the prime factors of g(-24).
3, 107
Let w = 1176 + -789. Suppose 416 = 4*y + 5*l - w, 206 = y + 3*l. What are the prime factors of y?
197
Let i = 162 + -102. What are the prime factors of i/(-16)*-131 + 2/(-8)?
491
List the prime factors of (-90 + 27)*(-538)/8*(-28)/(-21).
3, 7, 269
Suppose 2*g - 6 = 0, 7*g - 817 = -2*b + 2*g. Suppose 20*z - b = 2919. What are the prime factors of z?
2, 83
Let q = -101014 - -182678. What are the prime factors of q?
2, 11, 29
Let q(v) = 99*v + 2. Suppose 7*o = 18 + 3. Suppose -o*r - 1 + 7 = 0, 2*w + 4*r - 10 = 0. What are the prime factors of q(w)?
101
Suppose 244*y = 246*y. Suppose y = 35*d - 21*d - 11816. List the prime factors of d.
2, 211
Suppose -12*n = -12 - 24. Suppose 3*w - 4*c - 775 = 0, 0 = n*w - 3*c - 1030 + 256. List the prime factors of w.
257
Suppose -88310 + 424294 = 23*s. List the prime factors of s.
2, 11, 83
Let k(q) = -5*q**3 - 3*q**2 + 24*q + 193. What are the prime factors of k(-13)?
3, 1151
Let s(v) = v**3 + 31*v**2 - 67*v - 50. What are the prime factors of s(-32)?
2, 5, 107
Let r(m) = m**2 + 10*m - 15. Let i be r(-11). Let j be (i - (-4 + -1)) + -57. Let v = 84 + j. List the prime factors of v.
2, 7
Suppose -12*g - 105 = -225. Let h(l) = l**3 - 4*l**2 - 12*l + 15. List the prime factors of h(g).
3, 5, 11
Suppose 34*y + 2*r + 1150 = 35*y, 2246 = 2*y + 5*r. List the prime factors of y.
2, 569
Let j = 254 - 250. Let a = 277 - j. What are the prime factors of a?
3, 7, 13
Let m = -110 - -550. Let j be m + (-4 + 4)/(0 + 2). Let g = j - 291. List the prime factors of g.
149
Let a(b) = -b**3 - b**2 + b + 1. Let k(o) = 2*o**3 + 13*o**2 + 20*o + 37. Let r(u) = -3*a(u) - k(u). List the prime factors of r(15).
2, 5, 37
Let x = -38 - -40. Let t be x/(-4) - (-34)/4. List the prime factors of (4/t)/(5/100).
2, 5
Suppose -187289 = -19*n + 181406. List the prime factors of n.
5, 3881
Let o = 12861 - -7115. List the prime factors of o.
2, 11, 227
Let g be (1 - 2)/((-2)/22). Let t = 13016 - 13004. Suppose -t*z + g*z + 72 = 0. What are the prime factors of z?
2, 3
Suppose -163*t - 1555391 + 4358319 = -3078927. What are the prime factors of t?
5, 7, 1031
Suppose w - 10 = -z - 3, 0 = -z + 4*w - 18. Suppose -z*c = -4*k + 1302, 6*c + 308 = k + 2*c. Suppose -6*m + 14*m = k. What are the prime factors of m?
41
Suppose 3*v + 26*v - 4*v = 195025. List the prime factors of v.
29, 269
Let v = 4678 - 3937. What are the prime factors of v?
3, 13, 19
Suppose 31 = -o + 4*o + 4*z, -z = -4. Suppose -o*j = -4*c - 10, -3*j = 2*c + c - 6. Suppose c = 7*t + 18 - 116. What are the prime factors of t?
2, 7
Suppose 38062 = y - q, 8 = -184*q + 183*q. What are the prime factors of y?
2, 53, 359
Suppose 483*i = 438*i + 433305. List the prime factors of i.
9629
Suppose 3*i = -2*u + 532, -u + 62 = -i + 246. Let d be (-4)/9*i/(-40). Suppose -2*n + 159 = -5*f, -d*n - f + 177 = -12. What are the prime factors of n?
2, 23
List the prime factors of -3*2*1 + 10688 + 4/(-2).
2, 3, 5, 89
Let p = -12 - -119. Suppose 2*l - 172 = -4*d, 3*d = 3*l + 2*l + 142. Let h = p - d. What are the prime factors of h?
3, 7
Let f(o) = 5*o**3 - 7*o**2 + 11*o - 11. Let k(y) = 2*y**3 + y**2 - y + 1. Let u(z) = f(z) - 2*k(z). What are the prime factors of u(14)?
3, 383
Let p(a) be the third derivative of a**5/10 + 2*a**4 - 7*a**3/6 - 2*a**2 + 8. What are the prime factors of p(-12)?
281
Let c = 2991 + -1369. Suppose -c = -6*g + 3262. What are the prime factors of g?
2, 11, 37
Let m be (18/12)/((-3)/(-8)). Let g(h) = h**3 - 2*h**2 - 3*h - 16. Let z be g(m). Suppose 2*w - z*k = 242, 5*w - 3*k - 585 = 2*k. List the prime factors of w.
113
List the prime factors of (16/((-144)/(-567)))/((-12)/(-1516)).
3, 7, 379
Let t(o) = 24 + o + 7 + 152*o**2 - 151*o**2. List the prime factors of t(-9).
103
Let h = 56217 - 39550. What are the prime factors of h?
7, 2381
Let y be 3076/(-2)*(-8)/(-96)*6. Let c = y - -1638. What are the prime factors of c?
11, 79
Let f(x) = -4*x + 38. Let h be f(7). Let i be 946/h - (-1 - 3/(-5)). Suppose -v + 110 = -2*u, v - i - 39 = -4*u. What are the prime factors of v?
2, 59
Let a = 52224 - 30386. What are the prime factors of a?
2, 61, 179
Let q be 1/(-1) - (-9 + 6). Let o be 1071/q + (-8)/16. Suppose -4*m - 199 = -o. List the prime factors of m.
2, 3, 7
Let p be 8/10*(-195)/(-6). Suppose 2*m = -l + 4*m - 3, 4*m = -2*l + p. Suppose -6*q = -2*q - l*f - 293, -5*q - f + 359 = 0. List the prime factors of q.
2, 3
Let p be 6/(-14) - ((-12)/(-28))/(-1). Suppose 6*r + 3*r - 11223 = p. What are the prime factors of r?
29, 43
Let h(z) = 1253*z**2 - 1552*z - 9342. What are the prime factors of h(-6)?
2, 3, 11, 683
Let c(l) = -l**2 + 7*l - 2. Let s be c(6). Suppose 19*f - 28*f = -18. Let o = s - f. What are the prime factors of o?
2
Let o = 16734 - 5281. What are the prime factors of o?
13, 881
What are the prime factors of (3/(9/308))/((-193)/(-74691))?
2, 3, 7, 11, 43
Let u be -6 - -2*(-3 - -277). Let k = u + -349. List the prime factors of k.
193
Let o = 229 + -229. Suppose o = -q + 13*q - 9816. What are the prime factors of q?
2, 409
Let f be (-3 + 9)*15/10. Suppose 0 = -f*i + 6*i - 12. Let q = 20 - i. List the prime factors of q.
2, 3
Suppose 4*c = -2*c + 384. Let p = -61 + c. Suppose -176 = -p*k + k. List the prime factors of k.
2, 11
Let a = 30 + -40. Let b be 39/(-15) + 4/a - -6. Suppose 0 = -b*p + 149 + 136. List the prime factors of p.
5, 19
What are the prime factors of 92/((-11224)/305)*((-118228)/10 - 0)?
11, 2687
Let l be (-508)/16 - 55/44. Let i = l - -151. List the prime factors of i.
2, 59
Suppose -69 - 16 = -17*l. Suppose -3*z + 666 = -3*j, 0 = -l*z - j + 768 + 360. List the prime factors of z.
3, 5
Let b(k) = 2*k + 21. Let n be b(-8). Let l be 384 + -2 + n + -7. Suppose -5*h - l = -9*h. List the prime factors of h.
5, 19
Suppose -r + 49256 = -5*k, -37*k = -5*r - 42*k + 246550. List the prime factors of r.
7, 7043
Let b(t) be the second derivative of 517*t**5/20 - t**4/12 + 2*t**3/3 - t**2 - 8*t - 1. What are the prime factors of b(1)?
2, 7, 37
Let b = 13960 - 7081. List the prime factors of b.
3, 2293
Suppose -4*d - 4308 = -r, -23*d + 25*d = r - 4310. List the prime factors of r.
2, 7, 11
Suppose 4*y - 6 - 2 = 0. Suppose -y*t = -3*j - 1076, -5*j - 372 - 2323 = -5*t. Suppose -10*p + t + 179 = 0. List the prime factors of p.
2, 3
Let v(p) be the third derivative of 0*p - p**3 + 3*p**2 + 0 + 25/24*p**4. List the prime factors of v(4).
2, 47
Suppose 2*d + 2*d - 112 = 0. Suppose d*z - 3578 = 23*z - 3*p, -p = -1. What are the prime factors of z?
5, 11, 13
Suppose -4*h = 3*y - 73, -h + 20 = y - 4*h. Suppose -28*j + y*j = 55. Let d = 22 + j. List the prime factors of d.
11
Let m be 26/((-15)/36*6/15). Suppose 5*h = -0*h - 1500. Let a = m - h. List the prime factors of a.
2, 3
Let q = -129341 + 185791. What are the prime factors of q?
2, 5, 1129
Suppose 8*h - 9*h + 12650 = 3*r, -2*r = -7*h + 88504. List the prime factors of h.
2, 29, 109
Suppose -8*y + 32397 + 25767 = -5852. What are the prime factors of y?
2, 4001
Let n be 70/(-20)*(-192)/28. Suppose -c + 769 = -n. List the prime factors of c.
13, 61
Let l(z) = -z**3 - 12*z**2 + 7*z - 28. Let r(j) = -2*j**2 - 31*j + 4. Let a be r(-16). Let x be l(a). What are the prime factors of (1 + -206)*(5 - x/(-20))?
3, 41
Let u(v) = v + 4. Let w be u(-2). Suppose -w*b - 2*k = -32, -k = 2 + 1. Suppose -3*t + 121 = 4*r, 3*r - b = 2*t - 94. What are the prime factors of t?
3, 13
Let b be (2717/(-627))/((-1)/(-3)). Let o(w) be the first derivative of -3*w**2 + 19*w + 2. List the prime factors of o(b).
97
Let n(t) = -143*t + 79. Let w(y) = -16*y**2 - 11*y - 1. Let 